m/(-20) + (-3)/4. Let a = d - -12. What is the units digit of a?
2
Let a = 794 + -353. What is the units digit of a?
1
Suppose 9 - 174 = -3*k. Let v = 67 + k. What is the hundreds digit of v?
1
Suppose -42 = -p - 0*p. Let j = p - 0. Let m = j + -1. What is the tens digit of m?
4
Let n(a) = 2*a**3 - 5*a**3 + 4*a**3 + 11*a**2 - 2*a - 17 + a**2. What is the units digit of n(-12)?
7
Let t(n) = 3*n - 8. Let z be t(7). Suppose 5*w + 3*p = 69, 3*w - p - z - 34 = 0. What is the tens digit of w?
1
Suppose 3*y = -4*p - 254, -169 = y + y + 3*p. Let j = 20 - y. Let n = j + -74. What is the units digit of n?
2
Let q be (-2)/(10/(-8) - -1). Let s = -8 + q. Suppose l - 41 = -5*f, l + f = -s*f + 21. What is the tens digit of l?
1
Suppose 4*j = 3*p - 64, -p + 2*j - 15 = -39. What is the tens digit of p?
1
Suppose -2*p = -5*r - 685, r = -2*p + 582 + 73. What is the hundreds digit of p?
3
Suppose -583 = -m - 2*q + q, 0 = -4*q. Suppose 4*k = -5*c + m, -46 + 171 = c + 5*k. What is the hundreds digit of c?
1
Let u = 47 + 8. Let a = u - 16. What is the units digit of a?
9
Let n(b) = -b**2 - 2 - 6 - 1 - 3 - 18*b. Let i be n(-17). Let p(h) = h**3 - 4*h**2 + 8. What is the units digit of p(i)?
3
Suppose -145 = -3*c + 74*k - 70*k, -c - 4*k = -27. What is the tens digit of c?
4
Let j = -29 + 31. Suppose -3*d = q - 22, -j*q = q + 4*d - 76. What is the units digit of q?
8
Suppose 2*y = r - 1 - 5, -3*r - 2*y = -10. Suppose r*t + 480 = 7*t. What is the tens digit of t?
6
Let d = 6862 - 3405. What is the hundreds digit of d?
4
Suppose 39*u + 13302 = 48*u. What is the hundreds digit of u?
4
Let f = 4304 - 2838. What is the thousands digit of f?
1
Let n(a) = 2*a**3 + a**2 - a + 1. Let i be n(1). Suppose z - 166 = 3*p, -i*z + z = -p - 317. What is the units digit of z?
7
Suppose 2*u = -2*u + 8. Suppose u*n = 103 - 29. Let g = 75 - n. What is the tens digit of g?
3
Let s = -533 - -1526. What is the units digit of s?
3
Suppose 3*k = 297 - 6. Let n = k + -42. What is the units digit of (-10)/(-4)*132/n?
6
Let b be (48*(-3)/15)/((-3)/20). Let q = 2 + b. What is the tens digit of q?
6
Let d = -11 + 13. Suppose -d*h + 0*x = 2*x - 34, -3*h - 5*x + 49 = 0. What is the tens digit of h?
1
Let y be (45/27)/((-2)/(-6)). Suppose -y*o + 8 = -5*k + 4*k, -5*o - 5*k + 20 = 0. Suppose o*j + 3*j - 4*r - 4 = 0, 4*j - 3*r = 4. What is the units digit of j?
4
Let h(l) = l**3 + 9*l**2 - l - 17. Suppose 0 = -3*s - 14 - 13. Let p be h(s). Let t(w) = w**2 + w + 9. What is the units digit of t(p)?
5
Suppose -9974 = -6*c - 1688. What is the hundreds digit of c?
3
Let c(a) = a + 384. Let b be (4 + (-8 - -4))/1. Let z be c(b). What is the units digit of z/9 + (-2)/3?
2
Let s(f) = f**3 + 6*f**2 - 14*f + 7. Suppose 3*w + 20 = -2*g, -g + 4 = -3*g + 5*w. What is the units digit of s(g)?
6
Suppose l = -3*i - 6 - 2, -9 = 3*i. Suppose 4*q - 5 = -l. What is the tens digit of (-50)/(-4)*(q - -1)?
2
Let s = -2349 + 3321. What is the hundreds digit of s?
9
Let j be (-160)/9 - 4/18. Suppose 0 = -26*h + 10*h + 96. What is the units digit of (38/(-3))/(h/j)?
8
Suppose -31*j + 29528 = 2279. What is the hundreds digit of j?
8
What is the hundreds digit of (4338/10)/(3/10)?
4
Suppose 4*r = 3*m - 3451, 5*m + 3914 = -2*r + 9657. What is the units digit of m?
9
Let c be 1*595/(0 - -5). Suppose q + 415 - 83 = 3*s, s - c = 2*q. What is the tens digit of s?
0
Suppose x - 2 = -0. What is the units digit of (138 + 2 + 0)*x/4?
0
Let v be 2*(-1 + 9/6). What is the tens digit of (v - -38) + (-2 - -1)?
3
Let c be 282 + (-3 - (2 + 0)). Suppose -2*a + 5*k + c = -109, 4*a = 2*k + 756. What is the hundreds digit of a?
1
What is the tens digit of -27*(42/(-1) - 5/(-15))?
2
Suppose 0 = -w - w + 4*y - 56, -5 = -y. Let j = -14 - w. Suppose 5*b + 127 = -5*r + 337, 3*b - 131 = -j*r. What is the units digit of b?
7
Let r(f) = f**2 - 3. Suppose 5*i - 85 = -5*b, 0*i + 23 = 4*i - 5*b. Let d be (40/i + -2)*3. What is the units digit of r(d)?
3
Suppose -424 = -2*a - 2*g, -2*g = -a + 89 + 132. What is the tens digit of a?
1
Suppose q + 5*x = 64, q - 9*x - 43 = -7*x. Let s = 85 + q. What is the tens digit of s?
3
Let z(r) = 27*r**2 + r. Let h be z(1). Suppose g + 2*v = -3*v + h, -22 = g - 5*v. What is the units digit of 222/18 - 1/g?
2
Let p = -200 - -320. Suppose 7*h = 3*h + 36. Suppose 0 = h*r - 12*r + p. What is the units digit of r?
0
Let x(s) = -5*s - 35. Let a be x(-14). Suppose 0 = -2*w + 10, 5*k - w - a = -0*k. What is the units digit of k?
8
Let o be -2 + (1 - -8) + -3. Let n be (o - 3) + 0 + 3. Suppose -4*i + n = -4. What is the units digit of i?
2
Suppose -154 = 3*q - 5*v - 1667, -4*q - v = -1979. What is the hundreds digit of q?
4
Let y be 2/((-1)/((-1)/(-2))). Let l = y + 6. Suppose l*w + 2*n = -3*n + 65, 20 = 4*n. What is the units digit of w?
8
Let h be 9/9 + (-76)/(-2). Let x = h - -19. What is the units digit of x?
8
Let x = 23 - 18. Suppose 4*c + 3*d - 4*d = 185, 0 = -x*c - 4*d + 226. Suppose -2*z = -30 - c. What is the units digit of z?
8
Let b(t) = -t**3 + t**2 + t - 148. Let f be b(0). Let j = -100 - f. What is the units digit of j?
8
Suppose -3*f - 2*m + 111 = -2*f, 3*f - 303 = 4*m. Let c = f + -13. What is the units digit of c?
2
Suppose 4*a - 8 = 2*s, -5 = 3*s + 3*a - 2*a. Let x = 6 + s. Let j(m) = m**3 - 4*m**2 + 3*m - 6. What is the units digit of j(x)?
6
Let i(k) = 30*k + 68. Let l(d) = 10*d + 23. Let g(o) = -6*i(o) + 17*l(o). Let f be g(-5). Suppose 6*j - 7*j = -f. What is the tens digit of j?
3
Let p(s) = -4*s**3 - 10*s**2 + s - 10. What is the hundreds digit of p(-5)?
2
Suppose -4*o - 400 = -9*o. Suppose o = 5*b - 275. What is the units digit of b?
1
Let q = 119 - -49. Suppose 5*t - 4*c = -0*c + q, 4*t = 4*c + 132. What is the tens digit of t?
3
Let n = 368 + 665. What is the units digit of n?
3
Suppose 7 = -3*s - 2*a - 0, a - 4 = s. What is the tens digit of 113 + (2/s)/((-6)/27)?
1
Let z(c) = -c**2 + 28*c - 17. Suppose -87 + 25 = -3*u + 2*a, 0 = -4*u + 2*a + 84. What is the hundreds digit of z(u)?
1
Let p = -293 - -411. What is the tens digit of p?
1
Suppose -2*f = -6*f + 20. Suppose -f*x = -9*x + 24. What is the tens digit of (x/2)/(6/26)?
1
Let m be ((-205)/(-15))/(3/9). Suppose -7 = -4*r + m. What is the tens digit of ((-8)/r)/(6/(-531))?
5
Let f(z) = -2*z + 3. Suppose -5*r - 5*l = 45, -4*l + 3 = -1. What is the tens digit of f(r)?
2
Let p(k) = -3*k + 35. Let s be 4/(-1 - 3) + -16. What is the tens digit of p(s)?
8
What is the units digit of 897/12 - 8 - (-5)/4?
8
Let c = -3908 + 7667. What is the units digit of c?
9
Let x(n) = 7*n**3 - n**2 + 3*n - 3. Let g be x(1). Suppose 0 = a - g*o + 2*o - 53, 59 = a - o. What is the units digit of a?
1
Suppose -w = -2*p + 14 - 145, -5*p + 103 = w. What is the units digit of w?
3
Let m(c) = -c**3 + 10*c**2 + 24*c + 179. What is the hundreds digit of m(-12)?
0
Let s = -25 + 58. Let p = 25 - s. Let l = p - -19. What is the tens digit of l?
1
Let u = -11 + 21. Let k = u - 3. Suppose 4*d = 5*o - 2*o + 104, -4*o = d - k. What is the tens digit of d?
2
Suppose -k - 6 = -2*r - 2*k, -5*k + 14 = 2*r. Suppose 413 - 59 = r*p. Suppose -4*z = 3*x - 146, 0 = 3*x + 5*z + 35 - p. What is the tens digit of x?
5
Let i(s) = s**2 + 5*s + 4. Let g be i(-10). Suppose -2*o - o + g = 3*c, -3*o = 4*c - 51. What is the tens digit of o?
2
Let w(u) = -15*u + 5*u**3 + 5*u**3 + 3 - 11*u**3 + 17*u**2. What is the units digit of w(16)?
9
Suppose -5*u + 0*u + 2*l = 0, 0 = -3*l. Suppose 0 = 4*k - 2*k - 2*p - 78, u = 3*k + 2*p - 102. What is the tens digit of k?
3
Let c = 1280 - 781. What is the hundreds digit of c?
4
Suppose 32 = 4*y - 5*j, 3*y - 3 = -2*j - 2. Suppose 5*m - 14 = y*m. What is the units digit of m?
7
Let d(n) = 4*n**2 - 6*n + 5 - 3*n**2 - n**3 + 6*n**2. Let g be d(6). Suppose 2*p - 3*y = 162, -4*y - g + 64 = p. What is the units digit of p?
5
Suppose -2*p = -p - 2*c - 1, -2*p + 2*c = -6. Suppose -2*d + 258 = 4*o, -5*o - p*d = -401 + 86. What is the units digit of o?
6
Let g(b) = -b**3 + b**2 - 2*b + 2. Let v be g(1). Suppose 4 + v = 4*d. What is the units digit of d?
1
Let d = 4 + -11. Suppose -39*q + 21 = -38*q. What is the units digit of -2*d/(q/90)?
0
Suppose 7*z + 316 = 3928. What is the hundreds digit of z?
5
Suppose -2300 = 2*t - 7*t. Let i = t - 302. What is the units digit of i?
8
Suppos